ive of t**3/3 + 4*t**2 - 5*t + 1. What is the remainder when 7 is divided by h(-9)?
3
Let g(z) = -z**3 - z**2 - 2*z - 1. Let v = 450 - 423. What is the remainder when v is divided by g(-2)?
6
Calculate the remainder when 75 is divided by 6/(-15) - 660/(-25).
23
Suppose z = 3*y - 3*z - 11, -2*y + 6 = -3*z. Let j(p) = p**2 - 7*p - 13. What is the remainder when 17 is divided by j(y)?
2
Suppose -6 = -3*r + 6. What is the remainder when 7 is divided by r?
3
Let u(y) = y - 2. Let q = 4 + -1. Calculate the remainder when u(5) is divided by q.
0
Let l be (0 - 0/(-3))/(-2). Suppose -d + 5*d - 76 = l. Suppose o = -2*z + 13, -o + 2*z = 6*z - d. What is the remainder when 20 is divided by o?
6
Let r(t) = -t**3 + 5*t**2 + 6*t + 4. Let y be r(6). Let p = 5 + y. Let c = 57 - 40. Calculate the remainder when c is divided by p.
8
Let o = 20 + -14. Calculate the remainder when 17 is divided by (-2)/(-1)*27/o.
8
Let b be (-2)/4 + (-3)/(-2). Suppose 59 = 4*p - b. Let k = 43 - 15. Calculate the remainder when k is divided by p.
13
Suppose 212 = 4*s + 22*n - 26*n, 4*s + 2*n - 200 = 0. Calculate the remainder when s is divided by 13.
12
Let z(q) = q**3 + 11*q**2 + 7*q - 24. What is the remainder when 19 is divided by z(-10)?
1
Let v = -6 - -7. What is the remainder when (24 - v) + (-15)/(-5) is divided by 9?
8
Let o(d) = -d**3 + 5*d**2 - 3*d - 4. Let t be o(4). Suppose -3*q + 17 + 25 = t. Calculate the remainder when 41 is divided by q.
13
Suppose -3*x + 2*w = -100, 5*x = 3*w + w + 166. Suppose 2*z + x = 4*f, -2*f + 3*z + 11 = -0*z. What is the remainder when f is divided by 4?
2
Let d(v) = -v**3 + 5*v**2 + 4*v - 9. What is the remainder when d(4) is divided by (2 + (-10)/3)*-6?
7
Let a(w) = -w**3 + 3*w**2 + 5*w + 3. Let k be a(4). Suppose -k*m + 25 = -2*m. Calculate the remainder when 12 is divided by m.
2
Suppose 5 = 3*u - 22. Let x(v) = -v**3 + 8*v**2 + 12*v - 3. Calculate the remainder when 46 is divided by x(u).
22
Suppose -24 + 114 = u. Calculate the remainder when u is divided by 23.
21
Let d = 67 + -45. Calculate the remainder when 43 is divided by d.
21
Suppose -20 + 64 = 4*s. What is the remainder when 20 is divided by s?
9
Let c(k) = -10*k - 11. Calculate the remainder when c(-14) is divided by 33.
30
Suppose 4*y + 0 = 4*o + 36, 3*y - o - 19 = 0. Suppose -2*m = -m - y. What is the remainder when 9 + 0*(0 - 1) is divided by m?
4
Let y(h) = -h**2 - 5*h + 1. Let c be y(-5). Let r be (-14)/63 - 178/9. Calculate the remainder when 59 is divided by 1*r/(c - 2).
19
Let v = 104 - 43. Calculate the remainder when v is divided by 25.
11
Suppose -i = i - 4. Let z(u) = 4*u + 1. Suppose 7*k = 8*k - g - 2, -5*g + 30 = 3*k. Calculate the remainder when z(i) is divided by k.
4
Let r(n) = -n. Let c be r(6). Calculate the remainder when 118 is divided by (-15)/c*24/2.
28
Let s be 652/5 + (-4)/10. Suppose 5*d = -2*q + 252, 0 = 5*d + 5*q - 125 - s. What is the remainder when d is divided by 17?
16
Let t = -62 + 132. What is the remainder when t is divided by 24?
22
Suppose -3*c = -4*i + 136, -2*i = -3*i + c + 35. What is the remainder when 122 is divided by i?
29
Calculate the remainder when (-1506)/(-27) - 2/(-9) is divided by 20.
16
Let s(c) = c**3 + 4*c**2 - 2*c + 4. Let y be s(-4). Let p = 22 + y. Calculate the remainder when p is divided by 12.
10
Suppose 0 = -18*v + 17*v + 162. Calculate the remainder when v is divided by 15.
12
Suppose 25 = u + 4*u. Suppose -4*o = -u*o + 9. Calculate the remainder when 34 is divided by o.
7
Let y(h) be the first derivative of -h**4/4 - 8*h**3/3 - 5*h**2 - 10*h + 3. Suppose -6*f + 4*f = -48. What is the remainder when y(-8) is divided by f?
22
Let b(g) = g**3 + 13*g**2 + 17*g + 7. Let n be b(-11). Suppose -18 = 4*x - n. Calculate the remainder when 32 is divided by x.
10
Let c = -8 - -4. Suppose 2*u - 13 - 11 = 0. What is the remainder when u is divided by c/4*(0 + -7)?
5
Let a be (5 - (5 - 3))*25. Suppose 3*i + 3*s - a = -s, -i = 3*s - 20. What is the remainder when i is divided by 16?
13
Let f(p) = -5*p + 2. Let m be f(-2). Suppose 6*j - m = 3*j. Suppose -3*h + 0 = -9. What is the remainder when j is divided by h?
1
Suppose -3*f + 5*a = -17, 6*f - f + 5*a - 15 = 0. Suppose 0 = -3*i - 0*d + f*d + 80, -4*d = 3*i - 64. Calculate the remainder when i is divided by 13.
11
Let d(a) = -a**2 + 11*a - 19. What is the remainder when 18 is divided by d(8)?
3
Suppose z - 3*r = 28, 2*r + 76 = 2*z + 20. Suppose 0 = 4*s - 2*o + 13 - 69, 2*o = -2*s + 34. What is the remainder when z is divided by s?
13
What is the remainder when 33 is divided by (-1)/(4/68*-1)?
16
Let b = 5 + 36. What is the remainder when b is divided by 9?
5
Let k = 23 + -12. Calculate the remainder when 31*(-4 + 3)*-1 is divided by k.
9
Suppose 1 = 2*j - 7. Let b = -6 + 8. What is the remainder when j is divided by b?
0
Let n be (6/(-4))/((-2)/4). Suppose 5*v + 5*s = 70, 2*s - 18 = 3*v - 4*v. What is the remainder when v is divided by 6*4/(n + 1)?
4
Suppose 3*j - 38 = -4*r, -4*j - j = -10. What is the remainder when 23 is divided by r?
7
Let i(d) = -d**2 + d + 2. Let o be i(0). Suppose -p = 3*t + 12, -4*p - t - 48 = -o*t. Let v = -2 - p. Calculate the remainder when v is divided by 6.
4
Let m = -176 - -318. What is the remainder when m is divided by 37?
31
Suppose -2*r - 381 = -7*r - b, -5*r + 379 = -b. Calculate the remainder when r is divided by 26.
24
Suppose 2*k + 8 - 68 = 0. Calculate the remainder when k is divided by 8.
6
Let l(t) = t + 7. Calculate the remainder when 25 is divided by l(7).
11
Let j(r) = r**2 + 2*r + 4. What is the remainder when 17 is divided by j(0)?
1
Let r be ((-1)/(-2))/(1/4). Suppose r*w - 37 = -11. Suppose -i + 4 = -1. What is the remainder when w is divided by i?
3
Suppose 2*f - 4 = -0. Suppose -4*v = -f*v - 46. Let n(r) = -3*r - 15. What is the remainder when v is divided by n(-7)?
5
Let d(a) = a**2 - 12*a + 9. Calculate the remainder when 33 is divided by d(12).
6
Suppose -5 = -l - 5*c + 4*c, -7 = -l + c. Calculate the remainder when 14 is divided by l.
2
Let w(l) = l**3 + 10*l**2 + 8*l - 2. Suppose 5*n + 1 = -5*h + 6, 0 = -3*n - 9. What is the remainder when w(-9) is divided by h?
3
Let l be (-151)/3*(0 - -3). Let s = l - -216. Suppose -2*d = -d - 5*o - 32, -4*d = o - 65. What is the remainder when s is divided by d?
14
Let y(z) = -3*z**3 + z**2 - 2*z - 4. Calculate the remainder when y(-2) is divided by 16.
12
Let j be 0/(2*(-1 - -2)). Suppose -n + 6 = 4*b, 2*b + j*b - 8 = -3*n. Suppose 3*a - 5 - b = 0. Calculate the remainder when 3 is divided by a.
1
Let x(w) = w**3 - 5*w**2 - 5*w - 6. Let u be x(6). Suppose u = c - 2 - 2. Calculate the remainder when 3*(-2 - (-13)/3) is divided by c.
3
Let f = 1 + 1. Suppose 0 = -7*o + f*o + 5*b - 85, -3*o - 51 = -5*b. What is the remainder when 3*(1 + o/(-3)) is divided by 11?
9
What is the remainder when 17 is divided by 0/(-3 + 2) - -1*11?
6
Let b be (0 + -1)/(17/(-680)). Calculate the remainder when b/(-50)*5/(-2) is divided by 2.
0
Let c = -18 - -28. Let o(q) = 18*q**2 + q - 1. What is the remainder when o(1) is divided by c?
8
Suppose 0 = 3*t - 12, 2*p + t + t - 212 = 0. Calculate the remainder when p is divided by 13.
11
Suppose 0 = 7*p - 9*p + 128. What is the remainder when p is divided by 17?
13
Suppose 0 = -f, 4*f = -5*g + 7*g - 44. Calculate the remainder when 108 is divided by g.
20
Let q(g) = -3*g + 31. Calculate the remainder when 4 is divided by q(10).
0
Let i(t) = 3*t + 8*t - 6*t - 3. Let y(f) = -5*f + 4. Let x(a) = 5*i(a) + 4*y(a). What is the remainder when x(5) is divided by 7?
5
Calculate the remainder when 37 is divided by 20 + (-12)/(-4) + -3.
17
Let b(g) = 11*g + 10. What is the remainder when b(2) is divided by 11?
10
Let i(v) = v - 8. Let w be i(3). Let p = 9 - w. Calculate the remainder when 26 is divided by p.
12
Let c(f) = -4*f**3 + f**2 - 1. Let u be c(-2). Let a = u + -3. Let x = -17 + 28. What is the remainder when a is divided by x?
10
Let f = -136 - -148. What is the remainder when 177 is divided by f?
9
Let r be 2/(-10) - 99/(-45). Suppose -r - 8 = -2*s. Calculate the remainder when 13 is divided by s.
3
Let x(a) = 3*a + 10. Let q be (-232)/(2 + 0) - 1. Calculate the remainder when x(9) is divided by (-4 - -1)*q/27.
11
Let x be ((-2)/4)/((-4)/280). Let j = -24 + x. Su